2.
3, 5
Suppose 2*n = -3*n + 2*q + 670, -5*n - 2*q = -690. Let r = n + 0. What are the prime factors of r?
2, 17
Let v = 837 + -341. Let o = v + -251. List the prime factors of o.
5, 7
Suppose -3*u = 4*b - 2232, -2*b - u - 546 = -1660. List the prime factors of (-2)/(-11) - b/(-33).
17
Let y be (28/6)/(2/(-6)). Let c be (-3)/7 + (-48)/y. Suppose 0 = -c*h - 0*h + 51. What are the prime factors of h?
17
What are the prime factors of 11/((-44)/(-6)) + 44876/8?
31, 181
Suppose -19547 = 142*p - 153*p. List the prime factors of p.
1777
Suppose 0 + 9 = -3*y. Let a(g) = -136 - g + 137 - g**2 + 2*g**2. List the prime factors of a(y).
13
Suppose 2*o + 5*i - 30 = 0, 6 = 4*i - 2. Suppose 0 = 4*d + 41 - 17. Let s = d + o. What are the prime factors of s?
2
Let s(t) = 4*t - 2. Let n be s(3). Let b = n + -6. What are the prime factors of (12 - b) + 6/(-2)?
5
Let g(k) = -k**2 - 22*k - 43. List the prime factors of g(-16).
53
Let k(s) = 3*s**2 + s. Let j be k(3). Suppose 5*t = j + 20. Suppose 20 = -6*d + t*d. List the prime factors of d.
5
Suppose 675*r - 4*v - 7448 = 673*r, r - 4*v - 3724 = 0. What are the prime factors of r?
2, 7, 19
Let i be (-4)/(-22) + (-2240)/(-22). Suppose i = g - 58. Suppose -j + 2*j = 4*m + 33, -2*m = -4*j + g. What are the prime factors of j?
41
What are the prime factors of (-4 - (5 + -6)) + 107?
2, 13
List the prime factors of (129 - (0 + 1))*(269 - 252).
2, 17
What are the prime factors of 7*((-2104)/(-7))/4?
2, 263
Suppose 164*d + 43040 = 180*d. List the prime factors of d.
2, 5, 269
Let i = 497 + -61. List the prime factors of i.
2, 109
Let r be 148/18 + 10/(-45). Let p be 1 + (4 - r - -7). Suppose p*m - 92 = 4*b - 0*b, 3*b + 44 = 2*m. What are the prime factors of m?
5
What are the prime factors of (-8 + 5)/(4/6712*-2)?
3, 839
Suppose 0 = -5*k - 0*k + 740. Suppose -u = -94 - k. Suppose -21 = -z + o + 38, 4*z - o = u. What are the prime factors of z?
61
Let h = -320 - -635. Suppose -4*r = -r - h. What are the prime factors of (r/6)/(1/2)?
5, 7
Suppose 0*i = -28*i + 45192. What are the prime factors of i?
2, 3, 269
Let c(h) = -17*h + 8*h**2 - 3*h**2 + 0*h**2 + 11 - 3*h**2. Let s(p) = 3*p**2 - 18*p + 10. Let u(b) = 4*c(b) - 3*s(b). List the prime factors of u(-14).
2, 7
Suppose -4*d - 2*s = -2*d - 10, -12 = -4*s. Suppose 0 = -3*a - a + 4*y + 276, 0 = d*a - 5*y - 129. What are the prime factors of a?
2, 3
Suppose 0 = -2*h + 6 + 4. Let b(r) = -1 - h*r - 2*r**2 + 1 + 3 + 3*r**2. List the prime factors of b(10).
53
Suppose -11*q + 8*q = -246. Let w = -60 + q. What are the prime factors of w?
2, 11
Suppose 15 = 3*u, -u - 542 = -5*c + 163. What are the prime factors of c?
2, 71
Let r(p) = p**3 - 48*p**2 + 60*p - 37. List the prime factors of r(47).
2, 7, 41
Let m(o) = o**2 - 3*o + 15. Let a be (-16)/(-4) - 1*-2. List the prime factors of m(a).
3, 11
Let v(b) be the second derivative of b**4/12 + b**3/6 - 12*b**2 - 20*b. List the prime factors of v(-13).
2, 3, 11
Suppose -4*u + 2*m + 18 = -2*u, 5*u - 3*m - 37 = 0. Suppose 1 = -r - i, 23 - 2 = -r - u*i. What are the prime factors of r?
2
Let t = 282 + 4319. What are the prime factors of t?
43, 107
Let g(b) = -b + 8. Let o be g(-1). Suppose 4*s = -5*a + 436, -4*s + 316 = 4*a - o*s. List the prime factors of a.
2, 3, 7
Suppose 64 = 18*m - 2*m. Suppose 0 = -j - 3*j + 224. Suppose -3*g + u = -j, -m*g - 4*u - 31 = -79. What are the prime factors of g?
17
Let p(n) = 20*n**2 + 8*n + 2. Let v be p(4). Suppose 5*d - v = -d. What are the prime factors of d?
59
Let v be (0 + 0)/(2/1) - -69. Suppose v - 206 = -c. What are the prime factors of c?
137
Let z(p) = 3*p**3 - 7*p**2 - 33. Let s(l) = -l**3 + 2*l**2 + 11. Let y(d) = 7*s(d) + 2*z(d). What are the prime factors of y(0)?
11
Suppose 3*x - 4*s = 30, 3*s - 2*s + 33 = 5*x. Suppose x*h - 2*h = -2*q + 790, 4*q = -4. List the prime factors of h.
2, 3, 11
Let v(s) = 0*s - 61 - s**2 + 0*s**2 + 11*s + 57. List the prime factors of v(5).
2, 13
Let c(v) = -10*v**3 - 2*v**2 - 9*v - 7. What are the prime factors of c(-5)?
2, 619
Let c(u) = 40*u**2 + 6*u + 19. List the prime factors of c(4).
683
Suppose -201*t = -208*t + 3514. What are the prime factors of t?
2, 251
Let l = 561 + -307. Suppose -5*p = -2*w + 105, 0*w - 5*w + l = -4*p. What are the prime factors of w?
2, 5
Suppose 3*j - 2327 = -2*l, 4 = 4*l - 3*l. Suppose x = -3*u + j, -4*u - x = -136 - 895. What are the prime factors of u?
2, 3, 43
Suppose -3*h + 5 = -2*i, 5*i + 12 + 9 = -h. Let b(l) = l**3 + 6*l**2 + 2*l - 1. What are the prime factors of b(i)?
23
Let u = -31 + 17. Let a = u - 1. What are the prime factors of 3/(-15) + (-648)/a?
43
Suppose -2*u - 2*c + 3*c + 41 = 0, 5*u = 3*c + 102. List the prime factors of (2 - -490)*(u/(-6) - -4).
2, 3, 41
Suppose -4*j = 12, 4*c + 0*c = 5*j + 19. Suppose -o = 4*q + 2 - 27, 0 = 3*q - o - 10. Let m = q - c. List the prime factors of m.
2
List the prime factors of (-45)/(-120) + (-35799)/(-24).
2, 373
Let k = 196 - 296. Let j = 259 + k. List the prime factors of j.
3, 53
Let u(p) = -20*p + 48 + 15*p + 7*p. List the prime factors of u(0).
2, 3
Let c = 488 + 169. List the prime factors of c.
3, 73
Let t(u) = -4*u + 26. Suppose z + 17 = 4*o, 0 = 3*o + 2*z - 4*z - 9. Suppose 2*x + 28 - 12 = -2*p, -4*x - 34 = o*p. List the prime factors of t(x).
2, 5
Suppose -7 = 3*u + 4*u. What are the prime factors of ((-6)/u)/(10/40)?
2, 3
Suppose -3*i = 0, -5*i = -2*m - 0 + 8. Suppose m*s - 9*s + 90 = 0. What are the prime factors of s?
2, 3
Suppose -30 = -2*j + 3*d + 204, 4*j = -3*d + 432. List the prime factors of j.
3, 37
Let x(r) = r**2 + 5*r - 4. Let t(i) = -8*i**3 - i + 0*i + 0*i**3 + 1. Let k be t(1). What are the prime factors of x(k)?
2, 5
List the prime factors of (-51 + 45)*(-71)/2.
3, 71
Suppose 2*b - 4*b + 8 = y, y + 3*b = 11. Suppose 16 = a - y. What are the prime factors of a?
2, 3
Let g = -420 - -1490. List the prime factors of g.
2, 5, 107
List the prime factors of ((-12300)/369)/(4/(-186)).
2, 5, 31
Let t be ((-60)/16 - -3)*-48. Suppose 63 = 37*y - t*y. List the prime factors of y.
3, 7
Let t(o) = o**2 + 7*o + 9. Let s be t(-4). Let r(b) = -12*b**3 - 4*b**2 + b + 1. List the prime factors of r(s).
2, 11, 13
What are the prime factors of (3 - 3130/6)*(-33)/22?
2, 389
Let q(f) = -4*f**2 + 3*f - 6. Let p(x) = -x + 1. Let m(d) = -3*p(d) - q(d). What are the prime factors of m(-3)?
3, 13
Let s(m) = -m**3 + m**2 + m + 33. Let n be s(0). Let x = 45 + n. What are the prime factors of x?
2, 3, 13
Let r = 18 - 24. Let j = r - -9. Suppose 5*b = g + j*b - 42, -10 = -5*b. What are the prime factors of g?
2, 23
Let w = -21 - -26. Suppose -l - 4*p = -5, -w*p + 1 = l - 0*l. List the prime factors of l.
3, 7
Let y(n) = -9*n + 623. What are the prime factors of y(47)?
2, 5
Let w = 4747 + -3040. List the prime factors of w.
3, 569
Let s(v) = 2*v**3 - 5*v**2 + 3*v + 4. Suppose -3*z - 3 = -9. Suppose 3*h - 2*h - x = 7, 0 = z*h + 3*x + 6. What are the prime factors of s(h)?
2, 11
Suppose -156397 = -54*c + 111173. What are the prime factors of c?
5, 991
Let t be 0 + -1 - (1 - 6). Suppose -2*k = m + 9, -t*k = 2*m + m + 25. Let y = m - -13. What are the prime factors of y?
2, 3
Suppose 4*w + 4 = 3*w. What are the prime factors of (-3 - (-3 + 50 + -2))*w?
2, 3
Let q(r) = 225*r + 93. What are the prime factors of q(3)?
2, 3
Suppose -3*x = -2*h - 3, -1 - 2 = -5*h - 3*x. Suppose 0 = -h*o + 3*o - 174. Suppose 0 = -5*c + o + 47. List the prime factors of c.
3, 7
Suppose -o + 23 = -2*o. Let i = 6 + o. Let n = i - -25. List the prime factors of n.
2
Suppose -35810 = -63*k + 101089. List the prime factors of k.
41, 53
Let z = 709 - 171. What are the prime factors of z?
2, 269
Suppose -5*w + 1897 = 3*l, 0 = w - 3*w - 4*l + 756. What are the prime factors of w?
2, 5, 19
Suppose 1024 = 4*p - 0*x + 5*x, 0 = 4*p - 4*x - 1060. What are the prime factors of p?
3, 29
Let k = 29 + -27. Suppose -k*n = -3 - 33. List the prime factors of n.
2, 3
Let n(a) = a + 1. Let v be n(6). Suppose -i + 6 = m, -v*i + 3*i + 2*m = 0. Suppose -4 = i*z - 4*l - 12, 1 = 2*z + 3*l. List the prime factors of z.
2
Suppose 3*l - 266 = 4*c, 2*l = -2*l + 2*c + 348. What are the prime factors of l?
2, 43
Let l(o) = -o**2 + 14. Let m be l(0). Suppose 0 = -y + 47 - m. What are the prime factors of y?
3, 11
Suppose -72 = -9*b + 